{"id":1277,"date":"2025-03-25T11:44:11","date_gmt":"2025-03-25T11:44:11","guid":{"rendered":"https:\/\/strona.biblioteka-gabin.pl\/?page_id=1277"},"modified":"2025-05-12T10:03:31","modified_gmt":"2025-05-12T10:03:31","slug":"pracownicy","status":"publish","type":"page","link":"https:\/\/biblioteka-gabin.pl\/index.php\/pracownicy\/","title":{"rendered":"Pracownicy"},"content":{"rendered":"\n<div class=\"wp-block-media-text is-stacked-on-mobile\" style=\"margin-top:var(--wp--preset--spacing--40);margin-right:0;margin-bottom:var(--wp--preset--spacing--40);margin-left:0;grid-template-columns:45% auto\"><figure class=\"wp-block-media-text__media\"><img loading=\"lazy\" decoding=\"async\" width=\"260\" height=\"315\" src=\"https:\/\/strona.biblioteka-gabin.pl\/wp-content\/uploads\/2025\/05\/logozjecie-1587031977.png\" alt=\"\" class=\"wp-image-1364 size-full\" srcset=\"https:\/\/biblioteka-gabin.pl\/wp-content\/uploads\/2025\/05\/logozjecie-1587031977.png 260w, https:\/\/biblioteka-gabin.pl\/wp-content\/uploads\/2025\/05\/logozjecie-1587031977-248x300.png 248w\" sizes=\"auto, (max-width: 260px) 100vw, 260px\" \/><\/figure><div class=\"wp-block-media-text__content\">\n<p><strong>Pe\u0142ni\u0105cy Obowi\u0105zki Dyrektora<\/strong><\/p>\n\n\n\n<p><strong>dr hab. Jaros\u0142aw Domaga\u0142a&nbsp;<\/strong><\/p>\n\n\n\n<p>muzyk, pianista-kameralista, pedagog, publicysta muzyczny<\/p>\n\n\n\n<p>dr hab. sztuki w dyscyplinie sztuki muzyczne&nbsp; &nbsp;<\/p>\n\n\n\n<p>dr nauk humanistycznych w zakresie pedagogiki\u00a0<\/p>\n\n\n\n<p><a href=\"http:\/\/www.jaroslawdomagala.pl\/\">http:\/\/www.jaroslawdomagala.pl\/<\/a><\/p>\n<\/div><\/div>\n\n\n\n<div class=\"wp-block-media-text is-stacked-on-mobile\" style=\"margin-top:var(--wp--preset--spacing--40);margin-right:var(--wp--preset--spacing--40);margin-bottom:var(--wp--preset--spacing--40);margin-left:var(--wp--preset--spacing--40);grid-template-columns:44% auto\"><figure class=\"wp-block-media-text__media\"><img loading=\"lazy\" decoding=\"async\" width=\"287\" height=\"407\" src=\"https:\/\/strona.biblioteka-gabin.pl\/wp-content\/uploads\/2025\/05\/9174174110727446630906401426246493110534144n-1587032224.jpg\" alt=\"\" class=\"wp-image-1365 size-full\" srcset=\"https:\/\/biblioteka-gabin.pl\/wp-content\/uploads\/2025\/05\/9174174110727446630906401426246493110534144n-1587032224.jpg 287w, https:\/\/biblioteka-gabin.pl\/wp-content\/uploads\/2025\/05\/9174174110727446630906401426246493110534144n-1587032224-212x300.jpg 212w\" sizes=\"auto, (max-width: 287px) 100vw, 287px\" \/><\/figure><div class=\"wp-block-media-text__content\">\n<p><strong>Starszy Kustosz Bibliotekarz<\/strong><\/p>\n\n\n\n<p><strong>Inspektor ds. RODO<\/strong><\/p>\n\n\n\n<p><strong>mgr Ewa Lewandowska<\/strong><\/p>\n\n\n\n<p>Lata pracy: 1988 &#8211; do chwili obecnej<\/p>\n<\/div><\/div>\n\n\n\n<div class=\"wp-block-media-text is-stacked-on-mobile\" style=\"margin-top:var(--wp--preset--spacing--40);margin-right:var(--wp--preset--spacing--40);margin-bottom:var(--wp--preset--spacing--40);margin-left:var(--wp--preset--spacing--40);grid-template-columns:45% auto\"><figure class=\"wp-block-media-text__media\"><img loading=\"lazy\" decoding=\"async\" width=\"332\" height=\"409\" src=\"https:\/\/strona.biblioteka-gabin.pl\/wp-content\/uploads\/2025\/05\/93392856527353717829977436042835284721664n-1587033002.jpg\" alt=\"\" class=\"wp-image-1366 size-full\" srcset=\"https:\/\/biblioteka-gabin.pl\/wp-content\/uploads\/2025\/05\/93392856527353717829977436042835284721664n-1587033002.jpg 332w, https:\/\/biblioteka-gabin.pl\/wp-content\/uploads\/2025\/05\/93392856527353717829977436042835284721664n-1587033002-244x300.jpg 244w\" sizes=\"auto, (max-width: 332px) 100vw, 332px\" \/><\/figure><div class=\"wp-block-media-text__content\">\n<p><strong>Starszy Kustosz Bibliotekarz<\/strong><\/p>\n\n\n\n<p><strong>lic. Beata Szczesiak<\/strong><\/p>\n\n\n\n<p>Lata pracy: 1991 &#8211; do chwili obecnej<\/p>\n<\/div><\/div>\n\n\n\n<div class=\"wp-block-media-text is-stacked-on-mobile\" style=\"margin-top:var(--wp--preset--spacing--40);margin-right:var(--wp--preset--spacing--40);margin-bottom:var(--wp--preset--spacing--40);margin-left:var(--wp--preset--spacing--40);grid-template-columns:45% auto\"><figure class=\"wp-block-media-text__media\"><img loading=\"lazy\" decoding=\"async\" width=\"245\" height=\"369\" src=\"https:\/\/strona.biblioteka-gabin.pl\/wp-content\/uploads\/2025\/05\/937213752244877055264306734906296660656128n-1587032951.jpg\" alt=\"\" class=\"wp-image-1367 size-full\" srcset=\"https:\/\/biblioteka-gabin.pl\/wp-content\/uploads\/2025\/05\/937213752244877055264306734906296660656128n-1587032951.jpg 245w, https:\/\/biblioteka-gabin.pl\/wp-content\/uploads\/2025\/05\/937213752244877055264306734906296660656128n-1587032951-199x300.jpg 199w\" sizes=\"auto, (max-width: 245px) 100vw, 245px\" \/><\/figure><div class=\"wp-block-media-text__content\">\n<p><strong>M\u0142odszy Bibliotekarz<\/strong><\/p>\n\n\n\n<p><strong>lic. Joanna Olejniczak<\/strong><\/p>\n\n\n\n<p>Lata pracy: 2013 &#8211; do chwili obecnej<\/p>\n<\/div><\/div>\n\n\n\n<div class=\"wp-block-media-text is-stacked-on-mobile\" style=\"margin-top:var(--wp--preset--spacing--40);margin-right:var(--wp--preset--spacing--40);margin-bottom:var(--wp--preset--spacing--40);margin-left:var(--wp--preset--spacing--40);grid-template-columns:45% auto\"><figure class=\"wp-block-media-text__media\"><img loading=\"lazy\" decoding=\"async\" width=\"683\" height=\"1024\" src=\"https:\/\/strona.biblioteka-gabin.pl\/wp-content\/uploads\/2025\/05\/karola-pion-1602234249-683x1024.jpg\" alt=\"\" class=\"wp-image-1368 size-full\" srcset=\"https:\/\/biblioteka-gabin.pl\/wp-content\/uploads\/2025\/05\/karola-pion-1602234249-683x1024.jpg 683w, https:\/\/biblioteka-gabin.pl\/wp-content\/uploads\/2025\/05\/karola-pion-1602234249-200x300.jpg 200w, https:\/\/biblioteka-gabin.pl\/wp-content\/uploads\/2025\/05\/karola-pion-1602234249-768x1152.jpg 768w, https:\/\/biblioteka-gabin.pl\/wp-content\/uploads\/2025\/05\/karola-pion-1602234249.jpg 800w\" sizes=\"auto, (max-width: 683px) 100vw, 683px\" \/><\/figure><div class=\"wp-block-media-text__content\">\n<p><strong>M\u0142odszy Bibliotekarz<\/strong><\/p>\n\n\n\n<p><strong>mgr Karolina K\u0119dzia<\/strong><\/p>\n\n\n\n<p>Lata pracy: 2020 &#8211; do chwili obecnej<\/p>\n<\/div><\/div>\n","protected":false},"excerpt":{"rendered":"<p>Pe\u0142ni\u0105cy Obowi\u0105zki Dyrektora dr hab. Jaros\u0142aw Domaga\u0142a&nbsp; muzyk, pianista-kameralista, pedagog,<\/p>\n","protected":false},"author":1,"featured_media":0,"parent":0,"menu_order":0,"comment_status":"closed","ping_status":"closed","template":"","meta":{"footnotes":""},"class_list":["post-1277","page","type-page","status-publish","hentry"],"yoast_head":"<!-- This site is optimized with the Yoast SEO plugin v27.0 - https:\/\/yoast.com\/product\/yoast-seo-wordpress\/ -->\n<title>Pracownicy - Miejsko-Gminna Biblioteka Publiczna w G\u0105binie<\/title>\n<meta name=\"robots\" content=\"index, follow, max-snippet:-1, max-image-preview:large, max-video-preview:-1\" \/>\n<link rel=\"canonical\" href=\"http:\/\/biblioteka-gabin.pl\/index.php\/pracownicy\/\" \/>\n<meta property=\"og:locale\" content=\"pl_PL\" \/>\n<meta property=\"og:type\" content=\"article\" \/>\n<meta property=\"og:title\" content=\"Pracownicy - Miejsko-Gminna Biblioteka Publiczna w G\u0105binie\" \/>\n<meta property=\"og:description\" content=\"Pe\u0142ni\u0105cy Obowi\u0105zki Dyrektora dr hab. Jaros\u0142aw Domaga\u0142a&nbsp; muzyk, pianista-kameralista, pedagog,\" \/>\n<meta property=\"og:url\" content=\"http:\/\/biblioteka-gabin.pl\/index.php\/pracownicy\/\" \/>\n<meta property=\"og:site_name\" content=\"Miejsko-Gminna Biblioteka Publiczna w G\u0105binie\" \/>\n<meta property=\"article:publisher\" content=\"https:\/\/www.facebook.com\/bibliotekagabin\" \/>\n<meta property=\"article:modified_time\" content=\"2025-05-12T10:03:31+00:00\" \/>\n<meta property=\"og:image\" content=\"https:\/\/strona.biblioteka-gabin.pl\/wp-content\/uploads\/2025\/05\/logozjecie-1587031977.png\" \/>\n<meta name=\"twitter:card\" content=\"summary_large_image\" \/>\n<script type=\"application\/ld+json\" class=\"yoast-schema-graph\">{\"@context\":\"https:\/\/schema.org\",\"@graph\":[{\"@type\":\"WebPage\",\"@id\":\"http:\/\/biblioteka-gabin.pl\/index.php\/pracownicy\/\",\"url\":\"http:\/\/biblioteka-gabin.pl\/index.php\/pracownicy\/\",\"name\":\"Pracownicy - Miejsko-Gminna Biblioteka Publiczna w G\u0105binie\",\"isPartOf\":{\"@id\":\"http:\/\/biblioteka-gabin.pl\/#website\"},\"primaryImageOfPage\":{\"@id\":\"http:\/\/biblioteka-gabin.pl\/index.php\/pracownicy\/#primaryimage\"},\"image\":{\"@id\":\"http:\/\/biblioteka-gabin.pl\/index.php\/pracownicy\/#primaryimage\"},\"thumbnailUrl\":\"https:\/\/strona.biblioteka-gabin.pl\/wp-content\/uploads\/2025\/05\/logozjecie-1587031977.png\",\"datePublished\":\"2025-03-25T11:44:11+00:00\",\"dateModified\":\"2025-05-12T10:03:31+00:00\",\"breadcrumb\":{\"@id\":\"http:\/\/biblioteka-gabin.pl\/index.php\/pracownicy\/#breadcrumb\"},\"inLanguage\":\"pl-PL\",\"potentialAction\":[{\"@type\":\"ReadAction\",\"target\":[\"http:\/\/biblioteka-gabin.pl\/index.php\/pracownicy\/\"]}]},{\"@type\":\"ImageObject\",\"inLanguage\":\"pl-PL\",\"@id\":\"http:\/\/biblioteka-gabin.pl\/index.php\/pracownicy\/#primaryimage\",\"url\":\"https:\/\/strona.biblioteka-gabin.pl\/wp-content\/uploads\/2025\/05\/logozjecie-1587031977.png\",\"contentUrl\":\"https:\/\/strona.biblioteka-gabin.pl\/wp-content\/uploads\/2025\/05\/logozjecie-1587031977.png\"},{\"@type\":\"BreadcrumbList\",\"@id\":\"http:\/\/biblioteka-gabin.pl\/index.php\/pracownicy\/#breadcrumb\",\"itemListElement\":[{\"@type\":\"ListItem\",\"position\":1,\"name\":\"Strona g\u0142\u00f3wna\",\"item\":\"http:\/\/biblioteka-gabin.pl\/\"},{\"@type\":\"ListItem\",\"position\":2,\"name\":\"Pracownicy\"}]},{\"@type\":\"WebSite\",\"@id\":\"http:\/\/biblioteka-gabin.pl\/#website\",\"url\":\"http:\/\/biblioteka-gabin.pl\/\",\"name\":\"Miejsko-Gminna Biblioteka Publiczna w G\u0105binie\",\"description\":\"\",\"publisher\":{\"@id\":\"http:\/\/biblioteka-gabin.pl\/#organization\"},\"potentialAction\":[{\"@type\":\"SearchAction\",\"target\":{\"@type\":\"EntryPoint\",\"urlTemplate\":\"http:\/\/biblioteka-gabin.pl\/?s={search_term_string}\"},\"query-input\":{\"@type\":\"PropertyValueSpecification\",\"valueRequired\":true,\"valueName\":\"search_term_string\"}}],\"inLanguage\":\"pl-PL\"},{\"@type\":\"Organization\",\"@id\":\"http:\/\/biblioteka-gabin.pl\/#organization\",\"name\":\"Miejsko-Gminna Biblioteka Publiczna w G\u0105binie\",\"url\":\"http:\/\/biblioteka-gabin.pl\/\",\"logo\":{\"@type\":\"ImageObject\",\"inLanguage\":\"pl-PL\",\"@id\":\"http:\/\/biblioteka-gabin.pl\/#\/schema\/logo\/image\/\",\"url\":\"https:\/\/biblioteka-gabin.pl\/wp-content\/uploads\/2025\/03\/logo-biblioteka-2-1657013691-1.jpg\",\"contentUrl\":\"https:\/\/biblioteka-gabin.pl\/wp-content\/uploads\/2025\/03\/logo-biblioteka-2-1657013691-1.jpg\",\"width\":1600,\"height\":772,\"caption\":\"Miejsko-Gminna Biblioteka Publiczna w G\u0105binie\"},\"image\":{\"@id\":\"http:\/\/biblioteka-gabin.pl\/#\/schema\/logo\/image\/\"},\"sameAs\":[\"https:\/\/www.facebook.com\/bibliotekagabin\",\"https:\/\/www.youtube.com\/@mgbpgabin9392\"]}]}<\/script>\n<!-- \/ Yoast SEO plugin. -->","yoast_head_json":{"title":"Pracownicy - Miejsko-Gminna Biblioteka Publiczna w G\u0105binie","robots":{"index":"index","follow":"follow","max-snippet":"max-snippet:-1","max-image-preview":"max-image-preview:large","max-video-preview":"max-video-preview:-1"},"canonical":"http:\/\/biblioteka-gabin.pl\/index.php\/pracownicy\/","og_locale":"pl_PL","og_type":"article","og_title":"Pracownicy - Miejsko-Gminna Biblioteka Publiczna w G\u0105binie","og_description":"Pe\u0142ni\u0105cy Obowi\u0105zki Dyrektora dr hab. Jaros\u0142aw Domaga\u0142a&nbsp; muzyk, pianista-kameralista, pedagog,","og_url":"http:\/\/biblioteka-gabin.pl\/index.php\/pracownicy\/","og_site_name":"Miejsko-Gminna Biblioteka Publiczna w G\u0105binie","article_publisher":"https:\/\/www.facebook.com\/bibliotekagabin","article_modified_time":"2025-05-12T10:03:31+00:00","og_image":[{"url":"https:\/\/strona.biblioteka-gabin.pl\/wp-content\/uploads\/2025\/05\/logozjecie-1587031977.png","type":"","width":"","height":""}],"twitter_card":"summary_large_image","schema":{"@context":"https:\/\/schema.org","@graph":[{"@type":"WebPage","@id":"http:\/\/biblioteka-gabin.pl\/index.php\/pracownicy\/","url":"http:\/\/biblioteka-gabin.pl\/index.php\/pracownicy\/","name":"Pracownicy - Miejsko-Gminna Biblioteka Publiczna w G\u0105binie","isPartOf":{"@id":"http:\/\/biblioteka-gabin.pl\/#website"},"primaryImageOfPage":{"@id":"http:\/\/biblioteka-gabin.pl\/index.php\/pracownicy\/#primaryimage"},"image":{"@id":"http:\/\/biblioteka-gabin.pl\/index.php\/pracownicy\/#primaryimage"},"thumbnailUrl":"https:\/\/strona.biblioteka-gabin.pl\/wp-content\/uploads\/2025\/05\/logozjecie-1587031977.png","datePublished":"2025-03-25T11:44:11+00:00","dateModified":"2025-05-12T10:03:31+00:00","breadcrumb":{"@id":"http:\/\/biblioteka-gabin.pl\/index.php\/pracownicy\/#breadcrumb"},"inLanguage":"pl-PL","potentialAction":[{"@type":"ReadAction","target":["http:\/\/biblioteka-gabin.pl\/index.php\/pracownicy\/"]}]},{"@type":"ImageObject","inLanguage":"pl-PL","@id":"http:\/\/biblioteka-gabin.pl\/index.php\/pracownicy\/#primaryimage","url":"https:\/\/strona.biblioteka-gabin.pl\/wp-content\/uploads\/2025\/05\/logozjecie-1587031977.png","contentUrl":"https:\/\/strona.biblioteka-gabin.pl\/wp-content\/uploads\/2025\/05\/logozjecie-1587031977.png"},{"@type":"BreadcrumbList","@id":"http:\/\/biblioteka-gabin.pl\/index.php\/pracownicy\/#breadcrumb","itemListElement":[{"@type":"ListItem","position":1,"name":"Strona g\u0142\u00f3wna","item":"http:\/\/biblioteka-gabin.pl\/"},{"@type":"ListItem","position":2,"name":"Pracownicy"}]},{"@type":"WebSite","@id":"http:\/\/biblioteka-gabin.pl\/#website","url":"http:\/\/biblioteka-gabin.pl\/","name":"Miejsko-Gminna Biblioteka Publiczna w G\u0105binie","description":"","publisher":{"@id":"http:\/\/biblioteka-gabin.pl\/#organization"},"potentialAction":[{"@type":"SearchAction","target":{"@type":"EntryPoint","urlTemplate":"http:\/\/biblioteka-gabin.pl\/?s={search_term_string}"},"query-input":{"@type":"PropertyValueSpecification","valueRequired":true,"valueName":"search_term_string"}}],"inLanguage":"pl-PL"},{"@type":"Organization","@id":"http:\/\/biblioteka-gabin.pl\/#organization","name":"Miejsko-Gminna Biblioteka Publiczna w G\u0105binie","url":"http:\/\/biblioteka-gabin.pl\/","logo":{"@type":"ImageObject","inLanguage":"pl-PL","@id":"http:\/\/biblioteka-gabin.pl\/#\/schema\/logo\/image\/","url":"https:\/\/biblioteka-gabin.pl\/wp-content\/uploads\/2025\/03\/logo-biblioteka-2-1657013691-1.jpg","contentUrl":"https:\/\/biblioteka-gabin.pl\/wp-content\/uploads\/2025\/03\/logo-biblioteka-2-1657013691-1.jpg","width":1600,"height":772,"caption":"Miejsko-Gminna Biblioteka Publiczna w G\u0105binie"},"image":{"@id":"http:\/\/biblioteka-gabin.pl\/#\/schema\/logo\/image\/"},"sameAs":["https:\/\/www.facebook.com\/bibliotekagabin","https:\/\/www.youtube.com\/@mgbpgabin9392"]}]}},"_links":{"self":[{"href":"https:\/\/biblioteka-gabin.pl\/index.php\/wp-json\/wp\/v2\/pages\/1277","targetHints":{"allow":["GET"]}}],"collection":[{"href":"https:\/\/biblioteka-gabin.pl\/index.php\/wp-json\/wp\/v2\/pages"}],"about":[{"href":"https:\/\/biblioteka-gabin.pl\/index.php\/wp-json\/wp\/v2\/types\/page"}],"author":[{"embeddable":true,"href":"https:\/\/biblioteka-gabin.pl\/index.php\/wp-json\/wp\/v2\/users\/1"}],"replies":[{"embeddable":true,"href":"https:\/\/biblioteka-gabin.pl\/index.php\/wp-json\/wp\/v2\/comments?post=1277"}],"version-history":[{"count":5,"href":"https:\/\/biblioteka-gabin.pl\/index.php\/wp-json\/wp\/v2\/pages\/1277\/revisions"}],"predecessor-version":[{"id":1373,"href":"https:\/\/biblioteka-gabin.pl\/index.php\/wp-json\/wp\/v2\/pages\/1277\/revisions\/1373"}],"wp:attachment":[{"href":"https:\/\/biblioteka-gabin.pl\/index.php\/wp-json\/wp\/v2\/media?parent=1277"}],"curies":[{"name":"wp","href":"https:\/\/api.w.org\/{rel}","templated":true}]}}